t b(j) = -1 + j**2 + 12*j + 7 + 1. Let u be b(-11). What is the units digit of 2*3/u*-30?
5
Suppose -21*o + 50393 = 2*o. What is the thousands digit of o?
2
Let u(m) = 8*m - m**2 + m**3 + 3*m**2 - 9*m**2 - 6. Suppose 0 = -b + 13 - 7. What is the units digit of u(b)?
6
Let h be 5/1 - 339320/(-40). Suppose -39*m - h = -23113. What is the hundreds digit of m?
3
Let k = -2060 - -3853. Suppose -7*p = -k - 1448. What is the hundreds digit of p?
4
Let z be (9 + -3)/(6/8). Suppose -3*u + z*u = 180. Suppose -u = -10*j + 34. What is the units digit of j?
7
Suppose 6419 + 24640 = -21*c. Let a = c - -2266. What is the tens digit of a?
8
Let b be ((-18)/8)/(2/(-152)). Let l = b - -426. What is the units digit of l?
7
Suppose -4*n + 5*n + 4*c - 284 = 0, -5*n + 4*c = -1516. Suppose -5*m + 725 = 4*f - n, -10 = -2*f. What is the tens digit of m?
0
Let q(g) = g**2 + 83. Let p(j) = j**2 - 6*j - 4. Let y be p(6). Let f be y + 9 + 4 + -9. What is the units digit of q(f)?
3
Suppose 278162 - 86866 = 16*r. What is the thousands digit of r?
1
Let r be (3 - 9/1 - -5) + 1. What is the hundreds digit of (r + 5)*16/16 - -294?
2
Let d be (-38)/8 - 17/68. Let u(o) = -3*o - 12. Let b be u(d). Suppose -4*y + 59 = 3*q, -4*q + 74 = b*y - 0*y. What is the units digit of q?
7
Suppose 10*z + 5*x + 151163 = 14*z, 0 = 3*z - 4*x - 113372. What is the thousands digit of z?
7
Suppose -81*p + 129*p - 458784 = 0. What is the thousands digit of p?
9
Suppose 4*p - 265 = 3*k, k + 3 = -0. Let j = p + -63. What is the units digit of (j/(-2))/((-657)/(-330) + -2)?
5
Let t(q) = 253*q - 162 - 52 - 219*q. What is the hundreds digit of t(32)?
8
Suppose -5*h = 0, 4*h - 14 = -3*w + 2*w. Let s be w/21 + (-13)/(-3). Suppose -s*o - 4*d + 345 = -89, 0 = -5*o + d + 454. What is the units digit of o?
0
Suppose -40 + 28 = -2*d. Let o be -3 + (-9)/((-27)/d). What is the hundreds digit of -8 - -3 - -5 - (o + -130)?
1
Let y = 108675 - 70734. What is the units digit of y?
1
Let i = 1100 + -1099. Suppose 85 = 3*b - 5*l, 8*l - 160 = -4*b + 3*l. What is the units digit of i + b/(-25) - 402/(-5)?
0
What is the tens digit of 20*(50/300 + 1982/60)?
6
Suppose -l - 3*g + 225 = 2*l, -4*l + g + 325 = 0. Suppose -l*c = -79*c - 122. What is the hundreds digit of c?
1
Suppose s + 1696 = -1077. Let y = -1924 - s. What is the tens digit of y?
4
Suppose -10*o = z - 6*o - 15512, -2*z + 31036 = 2*o. What is the thousands digit of z?
5
What is the hundreds digit of (-35432)/(-7) - 368/(-1288)?
0
Let z = -1589 - -2303. Let w be 7/(-2)*(-46)/161*(-1 - -499). Let p = z - w. What is the units digit of p?
6
Suppose -5*z + t = 332, 0 = 4*z - t - t + 268. Let x(s) = 4*s**2 - 18*s + 46. Let h be x(3). What is the units digit of (484/z)/(-2 + h/15)?
5
Let o(b) = b**3 - 107*b**2 - 332*b + 284. What is the units digit of o(110)?
4
Suppose 15 = 5*p - 0*o + o, 4*p + 5*o - 33 = 0. Suppose p*f - 4*a - 684 = 0, 2*f - a = 181 + 506. What is the tens digit of f?
4
Let g = -11 + 8. Let u(b) = 3*b**3 + 11*b**2 + 4*b + 36. Let w be u(-4). What is the units digit of (w/g - -1)*420/(-10)?
4
Let w = 99 - 195. Let o = 97 + w. What is the hundreds digit of (-2)/(-1) + 141/o?
1
Let n(a) = 33*a - 22. Let r be n(3). Suppose r*g + 620 = 81*g. Suppose 0 = -i + g + 49. What is the hundreds digit of i?
2
Let v(n) = 253*n**2 - 9*n - 244. What is the ten thousands digit of v(14)?
4
Let q(w) = -658*w + 184. What is the ten thousands digit of q(-20)?
1
Let r be ((-6)/40 + (-6)/(-15))*292. Let o = r - 34. Suppose 0 = -o*a + 37*a + 114. What is the tens digit of a?
5
Let o(f) = 13*f**2 - 19*f + 11. What is the hundreds digit of o(21)?
3
Let j(l) = -8*l**3 + 4*l**2 + 4*l - 8. Let r be j(-3). Let o = 54 - 51. Suppose -3*k - o*y = -7*y - r, -5*y = 20. What is the units digit of k?
2
Let c(h) = 11*h - 103. Let b be c(11). Suppose -b*r + 17*r = -675. What is the tens digit of r?
7
Let h be 6*((-6)/(-8) - 4/16). Suppose 584 = 5*j + 2*c, h*c = -6*j + j + 586. What is the hundreds digit of j - (-5 + 4)*1?
1
Let q be (64/80)/((-1)/(-5)). Suppose -q*h = 2*y - 788, -3*y - 4*h + 2000 = 2*y. What is the tens digit of y?
0
Let v(p) = 1208*p - 2760. What is the thousands digit of v(28)?
1
Suppose k + 17 = 5*h, -4*h - 2*k + 4*k = -10. Let m(g) = 28*g**2 + 13*g - 56. What is the units digit of m(h)?
4
Let u = -354 - -228. Let v be 5/(-1)*u/(-35). Let p = 73 + v. What is the tens digit of p?
5
Let j(c) = -309*c - 1. Let d be j(-1). Suppose 88 + d = 4*a. Let f = a - 2. What is the tens digit of f?
9
Let d = 36449 - 12900. What is the thousands digit of d?
3
Let n(j) = -27 + 13*j + 24 - 50*j + 147. What is the tens digit of n(-21)?
2
Let q = 114253 + -75422. What is the units digit of q?
1
Suppose 40*b = 38843 + 112077. Let t = b - 2675. What is the tens digit of t?
9
Let i = 44 - 108. Suppose 0 = -151*x + 157*x + 48. What is the tens digit of (i - -3)/(4/x)?
2
Let l = 39943 - 26935. What is the units digit of l?
8
Let s = -479 + 9353. What is the units digit of s?
4
Suppose 5*y - t = 19, 0 = 4*y - 2*y + 5*t - 13. What is the tens digit of (((-666)/24 - 2) + y)*-64?
4
Let v = 85864 - 50558. What is the units digit of v?
6
Suppose -4*v - 18*v = -0*v - 245894. What is the ten thousands digit of v?
1
Let i(c) = 317*c**2 + 92*c - 126. What is the thousands digit of i(8)?
0
Let c be (-3)/(-2)*2/3. Suppose -304*a + 293*a = -88. Let x = a - c. What is the units digit of x?
7
Suppose 3*v + 58 = -3*q - q, 2*v + 56 = -4*q. What is the units digit of q/(52/(-3804)) - (0 + 5)?
6
Suppose -4*w + 71*u = 70*u - 11180, 0 = w + 5*u - 2837. What is the thousands digit of w?
2
Suppose 3732 = 5*y + 962. Suppose -5*v = -4176 - y. What is the hundreds digit of v?
9
Let w = 176 - 166. What is the units digit of 526/(13/(195/w))?
9
Let p = -13 - -255. Suppose 0 = -34*w + 27*w + 28. Suppose 248 = 3*i + w*b - 2*b, 3*i + 5*b - p = 0. What is the tens digit of i?
8
Let t be 1 - (2 + 2)/(-4). Suppose -t*s + 9 = 65. What is the units digit of -180*(48/(-70) + (-8)/s)?
2
Let o(i) = 5*i**2 + 23*i + 10. Let y be o(-9). Let r = y - 122. What is the tens digit of r?
8
Suppose -p - 4*d = -2103, 0 = 3*p + 447*d - 445*d - 6339. What is the thousands digit of p?
2
Let x(u) = -2*u**3 + 20*u + 10. Let b be ((-18)/(-3 - 0))/(0 + -1). What is the units digit of x(b)?
2
Suppose 178*m + 200*m = -33*m + 25823130. What is the units digit of m?
0
Let k(p) = 4*p + 51. Let m be k(-12). What is the hundreds digit of 11/(77/1960) - m?
2
Let o(b) = 62*b**3 + b**2 - 5*b + 2. Let r be o(2). Let k = r - -11. What is the tens digit of k?
0
Suppose -r = 4*t - 46820, -6*t + r + 32693 + 37527 = 0. What is the tens digit of t?
0
Suppose -3*c + 28351 = 2*c + 2*s, 0 = -4*s - 8. Suppose 13*p - 9656 = c. What is the thousands digit of p?
1
Let m be 118 + (4 - 5) + -2. Suppose -3*o - 4 + 16 = -t, -4*o + 16 = -3*t. Suppose m = o*l - 5*g, -4*l + l + 88 = -2*g. What is the units digit of l?
0
Let f(w) = 263*w + 13. Suppose 4*t + 4*x + 8 = 0, 2*x = -3*t + 6*t - 9. What is the units digit of f(t)?
6
Let q(v) = -v - 1. Let g(t) = 16*t**2 - 6*t + 58. Let d(c) = g(c) + q(c). What is the units digit of d(9)?
0
Suppose -5*v = -v + 2*a - 258, 4*a = -4*v + 264. Let t be ((-2)/3)/(14/v). Let q(w) = 7*w**2 + 7*w + 13. What is the units digit of q(t)?
5
Let t(g) be the second derivative of -23*g**3/6 - g**2/2 + 44*g. Suppose 0*u = 2*u + 14. What is the tens digit of t(u)?
6
Suppose 15539*f - 214734 = 15513*f. What is the thousands digit of f?
8
Suppose -84821 = -5*u + 8*s - 10*s, -3*u + 2*s + 50883 = 0. What is the units digit of u?
3
Let g = 15785 - 98. What is the ten thousands digit of g?
1
Suppose 4*r + d = 8 - 1039, -2*r - d - 515 = 0. Let q = 458 + r. What is the units digit of q?
0
Let k = 6014 + -5076. What is the hundreds digit of k?
9
Suppose 4*p - 150 = -6*p. Suppose p*c - 20*c = -2310. What is the hundreds digit of c?
4
Let q(p) = 120*p**2 - 10*p + 158. What is the units digit of q(10)?
8
Let l(k) = -k**2 - 29*k + 118. Let u be l(-35). Let m = -64 - u. What is the tens digit of m?
2
Let z = -23364 + 61519. What is the tens digit of z?
5
Suppose -819*y + 392760 = -810*y. What is the thousands digit of y?
3
Let p = -22026 + 40839. What is the hundreds digit of p?
8
Suppose -2*x + 12 = q, -3*x + 3 + 4 = -4*q. Let a(r) = 71 + r - 138 + 64 + 14*r**2. What